*t + 94 = 0. Let o = t + 55. Suppose -o*s = -7*s - 106. What are the prime factors of s?
2, 53
Suppose 5 = 4*t - x, 2*t + 0*t = -2*x - 10. Suppose -7*m + 38 - 3 = t. Suppose 4*y + a - 202 = 0, 165 = m*y - a - 92. What are the prime factors of y?
3, 17
Suppose 0 = i + h - 1587, 5*i + 15*h - 20*h = 7905. List the prime factors of i.
2, 3, 11
Suppose -3*v + 4*a + 122804 = 0, 182*v + 5*a = 178*v + 163749. List the prime factors of v.
2, 7, 17, 43
Let u(z) be the second derivative of -z**4/6 + 2*z**3 - 3*z**2/2 - 16*z. Let h(b) be the first derivative of u(b). List the prime factors of h(-3).
2, 3
Let l(k) = 368*k - 3572. Let g be l(8). Suppose 4*x - 4 = 4. List the prime factors of (4/2)/(x*(-4)/g).
157
Suppose 55414 - 671614 = -13*j. What are the prime factors of j?
2, 3, 5, 79
Suppose 21*j - 24*j = 127*j - 4944420. List the prime factors of j.
2, 3, 2113
Suppose -14*k = -7*k - 54677. List the prime factors of k.
73, 107
Suppose 17*j - 11*j - 30 = 0. Suppose -3*g + 1 = -2*g - 4*q, j*q = 2*g + 4. Let a(c) = 2*c**3 + 16*c**2 + 2*c - 16. What are the prime factors of a(g)?
2, 17
Let k = -21 + 24. Suppose -5*a - k*a + 40 = 0. Suppose -5*s - 6*i + 3*i = -340, -a*s + 315 = -2*i. List the prime factors of s.
5, 13
Let m be (-878)/(-7) - (-9)/(-21). Suppose m + 1630 = 5*j. What are the prime factors of j?
3, 13
Suppose 13*y + 4*l = 9*y + 8840, 2207 = y - 2*l. What are the prime factors of y?
47
Let r = 3171 + -1828. What are the prime factors of r?
17, 79
Let x be 23/(1/(4/1)). Suppose 0 = -5*o - 5*v + 1055, o = v + 3*v + 226. Let l = o - x. What are the prime factors of l?
2, 61
Suppose -491*l - 3356 = -495*l. Let p = -426 + l. What are the prime factors of p?
7, 59
Let d(c) = -55*c + 6. Suppose 3*b + 4*p - p = -54, 2*b = 2*p - 28. What are the prime factors of d(b)?
2, 443
Let x(c) be the first derivative of c**2 + 8*c - 2. Let p be x(-3). Suppose 426 = 4*b + 3*j, -3*j - p*j + 422 = 4*b. What are the prime factors of b?
2, 3
Let p = 41980 + -24971. What are the prime factors of p?
73, 233
Let i(h) = 3*h**2 + 2*h + 16. Let f(d) = -4*d**2 - 2*d - 17. Let t(w) = 2*f(w) + 3*i(w). Let s be (5 - 5)/(2/1). List the prime factors of t(s).
2, 7
Suppose 5*r + 30 = 3*r. What are the prime factors of (1795/r)/((-3)/9)?
359
Let w(k) = -k**2 + 171*k - 166. What are the prime factors of w(42)?
2, 13, 101
Let v = 248 + -244. Suppose -4*r + 0*q + 1220 = -v*q, -3 = 3*q. What are the prime factors of r?
2, 19
Let v(j) be the third derivative of j**4/6 + 5*j**3 + 3*j**2 + 39. What are the prime factors of v(15)?
2, 3, 5
What are the prime factors of 19737 - (-1 + 9/(-2)*8/(-18))?
2, 2467
Let p be 3 - 0 - (-2 - -6). What are the prime factors of (-84)/(1/p) - (-11 + 10)?
5, 17
Suppose 0 = 3*n + 2*w - 3*w - 9, 4*n - 12 = -3*w. Let h(o) = 5*o**2 + 6 - 12*o - 5*o**2 + n*o**2. What are the prime factors of h(7)?
3, 23
Suppose l + 2 = -1. Let n(h) be the second derivative of -43*h**3/6 + 9*h**2 + 543*h - 2. What are the prime factors of n(l)?
3, 7
Suppose 0 = -5*k - 5*o + 3*o - 83, -81 = 5*k + 4*o. Let a = k - -17. Let b = 115 + a. List the prime factors of b.
5, 23
Let f be ((-32200)/30 - 0)*(-6)/4. Suppose -39*x = -32*x - f. What are the prime factors of x?
2, 5, 23
Suppose 10*c - 4*o - 93940 = 0, 26*c = 21*c - 3*o + 46970. What are the prime factors of c?
2, 7, 11, 61
Let m(j) = 44*j**2 + 10*j - 12. Let b(g) = -2*g**2 - g + 1. Let f(y) = 4*b(y) + m(y). Suppose -4 = 4*l - 12. What are the prime factors of f(l)?
2, 37
What are the prime factors of 2/12 + (-2098767)/(-198)?
2, 5, 53
Let m(l) = 21*l**2 - 2*l + 5. Let r(y) be the first derivative of -y**4/4 + 10*y**3/3 - 4*y**2 - 6*y - 27. Let p be r(9). What are the prime factors of m(p)?
2, 47
Let p(g) = 15*g**3 - g**2 + 16*g - 87. Let t be p(8). Suppose 1278 = 3*o + 5*i - 3341, 5*o = 2*i + t. What are the prime factors of o?
3, 7, 73
Let t(j) = 3*j + 12. Let z be t(-4). Suppose 2*l - 10*l + 32 = z. List the prime factors of (-1224)/(-13) + l/(-26).
2, 47
Let r be (-15622)/(-26) - (-32)/208. Let c = 1047 - r. What are the prime factors of c?
2, 223
Let a(n) = -3 + n**2 + 4*n - 7 + n**2 + 2*n. Let z be a(4). Let w = z + -42. List the prime factors of w.
2
Let n(f) = -f**2 - 10*f - 13. Let i be n(-7). Suppose i*o = 13*o - 155. Suppose 7*p - 346 = -o. What are the prime factors of p?
3, 5
Suppose 2*s = -4*r + 346, -5*s + 321 = -3*s - r. Suppose -2*c = -403 + s. Let d = -59 + c. What are the prime factors of d?
61
Suppose 7*t - 18 = -j + 2*t, -2*j + 2*t + 48 = 0. Suppose 0 = -j*m + 12*m + 5588. What are the prime factors of m?
2, 127
Suppose -3 = -a + 1, -3*u + a = -875. Suppose -3*q + 3*x = -1227, 4*q - 1333 = 2*x + u. List the prime factors of q.
2, 101
Let t = 26662 + -9604. What are the prime factors of t?
2, 3, 2843
Let l be ((-8)/19)/(-4) - 662615/(-95). Suppose u = -8*u + l. Let q = u + -486. What are the prime factors of q?
17
Let g = 49518 - 20004. What are the prime factors of g?
2, 3, 4919
Let m = -115 - -143. Let v be (-30)/36*267/(-10)*m. Suppose -4*w = 4*k - 800, 0 = -3*k - 2*w - 27 + v. List the prime factors of k.
2, 7
Let k(z) be the third derivative of 17*z**5/60 + 3*z**4/4 + z**3 + 87*z**2. What are the prime factors of k(8)?
2, 619
Let d = 55955 - 23468. List the prime factors of d.
3, 7, 13, 17
Let w be ((-25)/(-15))/(3/9). Let i(k) = -11 + 17 + 15 + w*k + k. List the prime factors of i(7).
3, 7
Suppose -10*t + 9*t = -1279. Suppose -4*u = 3*q - t, u - 309 - 9 = q. List the prime factors of u.
11, 29
Let v be (-20962)/(-5) - -1*6/(-15). Suppose -185*j = -189*j + v. List the prime factors of j.
2, 131
Suppose -3*q + 27918 = v, -5*v = -44*q + 48*q - 139656. List the prime factors of v.
2, 3, 97
Let i = 122 - 120. Suppose -28*g = -27*g - i. Suppose f + g*l = 5*f - 38, -3*f - l = -26. What are the prime factors of f?
3
Suppose -116541 = -3*q - 5*d + 2*d, 0 = -d - 6. What are the prime factors of q?
3, 1439
Let t(g) = g + 8. Let w be t(-5). List the prime factors of (0 + -19)/(w/(-30)*2).
5, 19
Suppose -x - 32171 = -5*p, 3*p = x + 26188 - 6885. Suppose 4*c - 2*l = p - 940, 5*c - 2*l = 6866. List the prime factors of c.
2, 7
Suppose 95*t - 124731 - 31259 = 0. What are the prime factors of t?
2, 821
Suppose -4*z - 12 = 0, 7*z = -3*v + 9*z + 462. Suppose -6*u = -u - 20. Suppose v + 928 = u*k. List the prime factors of k.
2, 3, 5
Suppose 0 = g - 4*g + 3, -3*c + 5*g = -1. Suppose 3*s + 0*d - 605 = c*d, -2*d = 2*s - 390. What are the prime factors of s?
199
Let r(d) = 23*d**3 - 4*d**2 - 4. Let x be r(4). Let j(u) = 2*u**2 - 10*u - 6. Let l be j(9). What are the prime factors of 12/l + x/22?
2
Let s be ((-18)/(-6) - 3) + (-1032)/1. Let f = -420 - s. What are the prime factors of f?
2, 3, 17
Let w(n) = 21*n**2 + 5*n - 1. Suppose -7*x - 20 = -z - 2*x, 3*z + 2*x - 26 = 0. Let v = z - 8. What are the prime factors of w(v)?
3, 31
Let c = 5693 - 1239. Suppose -7*s = -41*s + c. List the prime factors of s.
131
Suppose 6 = 4*r - 474. Suppose 10*l - r = 5*l. What are the prime factors of (60/9)/((4/l)/1)?
2, 5
Suppose 0 = -27*j + 29*j - 402. Suppose -g = 5*y - 263 - j, -3*y + 9 = 0. What are the prime factors of g?
449
Let x = 67 - -26. Suppose x = -3*r + 624. List the prime factors of r.
3, 59
Suppose -28 = -3*s - 25*s. List the prime factors of 2/(s - (-2933)/(-2947)).
421
Suppose -y = -4*n + 16, y = -y - 5*n - 19. Let z be 14 + y + (-61)/1*1. Let q = z + 90. List the prime factors of q.
31
Let i(o) = -67*o - 27. Let m(b) = 22*b + 9. Let w(h) = -3*i(h) - 8*m(h). Let j(q) = -q**2 - 13*q - 36. Let k be j(-6). What are the prime factors of w(k)?
3, 53
Suppose 113*g = 1296662 + 149585 - 158725. List the prime factors of g.
2, 3, 211
Suppose 3*d + s - 8774 = -3*s, -5*d - 2*s + 14628 = 0. Suppose -4*o + 4*g + 143 = -2193, -5*o + d = -3*g. What are the prime factors of o?
587
Suppose -2*u = -5*l + 1 + 1, -u + 8 = 2*l. Suppose -7 = -5*g - l. List the prime factors of (-1)/(g/(-43) - 0).
43
Let x(u) = -15718*u - 2096. List the prime factors of x(-4).
2, 71, 107
List the prime factors of 47367/2*(-180)/(-90).
3, 19, 277
Suppose -57120 = 37188*y - 37194*y. List the prime factors of y.
2, 5, 7, 17
Suppose -3*y - y = -180. Suppose 10 = -5*s + y. Suppose 3*i - 870 = -s*i. List the prime factors of i.
3, 29
Suppose 0 = -73*d + 1432499 - 185